04?
112
Calculate the highest common factor of 4378833 and 325755.
3429
Calculate the highest common divisor of 48 and 14432784.
48
Calculate the greatest common divisor of 24761 and 1100.
11
Calculate the highest common divisor of 3934 and 13536894.
3934
What is the highest common divisor of 187740549 and 36?
9
What is the highest common divisor of 2088 and 1976553?
261
What is the highest common factor of 111910 and 859010?
310
Calculate the highest common divisor of 605273 and 2025847.
577
What is the greatest common factor of 57489240 and 1530?
510
Calculate the highest common divisor of 597351 and 975.
3
What is the highest common divisor of 1738125 and 63375?
375
What is the greatest common factor of 63802171 and 38?
19
Calculate the highest common factor of 66225700 and 60.
20
What is the greatest common divisor of 1374463 and 293?
293
What is the highest common factor of 248800 and 340856?
2488
Calculate the highest common factor of 13 and 2267314439.
13
Calculate the highest common factor of 5957046 and 1656.
414
Calculate the highest common factor of 3841220 and 131120.
2980
What is the greatest common divisor of 258 and 48612274?
86
What is the highest common divisor of 93 and 33821744?
31
What is the greatest common divisor of 5574898 and 679?
7
Calculate the highest common factor of 52794938 and 42.
14
What is the greatest common factor of 448 and 1685390?
14
What is the highest common factor of 3545 and 197801074?
709
What is the highest common divisor of 916619026 and 422?
422
What is the greatest common factor of 137370816 and 3504?
3504
Calculate the greatest common factor of 34250 and 8783618.
274
Calculate the greatest common divisor of 2216022 and 77472.
1614
What is the greatest common divisor of 1808 and 5791024?
1808
What is the greatest common factor of 270 and 454010?
10
What is the highest common factor of 25479140 and 10?
10
What is the highest common factor of 43665 and 115233?
213
What is the greatest common divisor of 17150506 and 1084?
542
What is the greatest common divisor of 15804432 and 4032?
1008
What is the greatest common divisor of 301 and 34376307?
301
What is the highest common factor of 4505 and 431290?
85
Calculate the highest common factor of 4 and 16825600.
4
Calculate the highest common divisor of 1489246950 and 150.
150
What is the greatest common divisor of 2832 and 12416676?
12
Calculate the highest common factor of 207 and 231771.
69
Calculate the highest common factor of 262565 and 42925.
85
What is the highest common factor of 61252065 and 210?
105
What is the greatest common divisor of 1943889425 and 9655?
9655
What is the greatest common factor of 244720 and 188195?
665
Calculate the highest common divisor of 17555384 and 112.
56
What is the highest common divisor of 60669449 and 62?
31
Calculate the greatest common divisor of 9460 and 41360.
220
What is the highest common divisor of 447 and 236491608?
447
Calculate the greatest common divisor of 39304606 and 45298.
1562
Calculate the highest common divisor of 40179009 and 55347.
2913
What is the highest common divisor of 810 and 2484585?
45
Calculate the greatest common divisor of 16518 and 21234.
6
What is the greatest common factor of 14915 and 49001?
19
What is the greatest common factor of 5290804 and 8692?
164
What is the highest common divisor of 9642849 and 1128?
141
Calculate the highest common factor of 24115 and 537329.
13
Calculate the greatest common divisor of 8 and 2752936.
8
Calculate the highest common factor of 12136 and 219842.
82
Calculate the greatest common factor of 82899 and 7435089.
1359
What is the highest common divisor of 228390 and 42366?
138
What is the highest common factor of 356 and 2629758116?
356
Calculate the greatest common factor of 385857 and 248.
31
Calculate the greatest common factor of 1170 and 79485120.
1170
Calculate the greatest common factor of 1204 and 984621568.
1204
Calculate the greatest common factor of 99 and 332761.
11
What is the greatest common factor of 746 and 60046?
2
Calculate the highest common factor of 95627 and 5719.
133
Calculate the greatest common factor of 87980 and 25758.
106
Calculate the greatest common divisor of 26850267 and 315.
9
Calculate the highest common divisor of 1715314 and 3406.
262
Calculate the highest common divisor of 825 and 270650.
25
What is the greatest common factor of 21438812 and 1582?
226
What is the highest common factor of 8394 and 160289026?
2798
What is the highest common divisor of 22454476 and 1074?
358
Calculate the highest common divisor of 611980 and 121360.
740
Calculate the highest common factor of 799981273 and 134.
67
Calculate the greatest common factor of 485035128 and 24.
24
Calculate the highest common divisor of 29653 and 21684.
13
Calculate the highest common factor of 279 and 472869.
9
Calculate the greatest common factor of 14559972 and 14595.
2919
Calculate the greatest common divisor of 27045395 and 10023.
3341
What is the greatest common factor of 198 and 2693911?
11
Calculate the greatest common divisor of 1822988 and 636.
212
Calculate the greatest common divisor of 205080 and 269520.
120
What is the greatest common divisor of 1273981 and 1?
1
What is the greatest common divisor of 137290 and 2870?
10
Calculate the highest common divisor of 4900 and 2273894.
98
Calculate the greatest common divisor of 52050 and 690530.
3470
What is the greatest common factor of 130 and 267574294?
26
What is the highest common factor of 161 and 100118333?
161
Calculate the highest common divisor of 350 and 402483725.
175
Calculate the greatest common factor of 2526083 and 322.
7
What is the highest common divisor of 57458973 and 2661?
2661
Calculate the highest common divisor of 66 and 285013223.
11
What is the greatest common factor of 338144832 and 864?
288
Calculate the greatest common factor of 386343 and 1844262.
1107
Calculate the highest common factor of 15725760 and 320.
320
What is the highest common factor of 1340 and 90047732?
268
Calculate the highest common factor of 40624 and 270058196.
10156
Calculate the greatest common factor of 30357 and 36445265.
3373
What is the highest common factor of 45252 and 11466?
18
What is the greatest common factor of 6330 and 1470459?
633
What is the highest common divisor of 13330341 and 63?
9
Calculate the highest common factor of 2051466 and 138.
6
Calculate the highest common divisor of 1260 and 5253570.
630
What is the greatest common divisor of 23058567 and 2349?
783
Calculate the highest common divisor of 9183433 and 441.
49
Calculate the greatest common factor of 5832 and 11894850.
486
Calculate the greatest common divisor of 8010786 and 417774.
1218
What is the greatest common divisor of 102 and 129642714?
102
What is the greatest common divisor of 34117135 and 3207?
1069
Calculate the highest common factor of 132909 and 19782.
21
What is the greatest common factor of 5154 and 319866?
6
Calculate the highest common factor of 494406 and 1100.
22
Calculate the highest common divisor of 363263513 and 5923.
5923
What is the highest common factor of 33762278 and 4598?
418
What is the highest common divisor of 881355 and 29580?
15
Calculate the greatest common divisor of 5992 and 755741.
749
Calculate the highest common factor of 11746208 and 96.
32
What is the greatest common divisor of 480 and 321756?
12
What is the highest common factor of 384197 and 673948?
583
Calculate the greatest common factor of 14633240 and 372.
124
Calculate the highest common divisor of 353428 and 18476.
596
Calculate the highest common divisor of 13956 and 499800.
12
What is the highest common divisor of 7294698 and 74?
74
Calculate the highest common factor of 20370713 and 2783.
121
What is the greatest common divisor of 322 and 133904827?
161
Calculate the greatest common factor of 666 and 460206.
666
Calculate the greatest common divisor of 442525 and 5650045.
2855
Calculate the highest common divisor of 18660 and 28257460.
6220
What is the highest common divisor of 3821475 and 801945?
3765
Calculate the highest common factor of 12837550 and 374.
374
Calculate the greatest common factor of 688920 and 114.
6
Calculate the greatest common divisor of 2714188 and 1207.
71
Calculate the highest common diviso